2 - 7*y - 7. Give m(7).
-7
Let r(k) = -2*k**2 - 23*k. Give r(-12).
-12
Let q(c) = -c**3 - 7*c**2 + 3*c + 20. Calculate q(-7).
-1
Let p(i) = -i**3 + 4*i**2 + 4*i + 1. Give p(5).
-4
Let z(j) = 6*j + 9. Determine z(9).
63
Let t(h) = h**3 - 14*h**2 - 30*h - 18. Give t(16).
14
Let j(n) = -15*n + 9. What is j(4)?
-51
Let m(c) = c**3 - 7*c**2 - 18*c + 2. Calculate m(9).
2
Let t(m) = -m - 13. Calculate t(-10).
-3
Let y(a) = 3*a - 25. Determine y(10).
5
Let q(y) = 13*y - 149. Calculate q(11).
-6
Let u(x) = -x**3 - 25*x**2 - 151*x + 63. What is u(-13)?
-2
Let l(x) = x + 34. What is l(0)?
34
Let d(l) = -l**2 - 8*l + 40. Give d(3).
7
Let n(d) = -2*d + 19. Calculate n(8).
3
Let a(g) = -3*g**2 + 4*g + 12. Give a(-7).
-163
Let v(o) = -o**3 - 3*o**2 + 8. Calculate v(-5).
58
Let i(m) = 2*m**2 - 2*m + 1. What is i(7)?
85
Let n(q) = q**2 + 14*q - 9. Give n(-11).
-42
Let i(n) = 61*n**2 - n - 2. Calculate i(-1).
60
Let x(y) = 3*y**2 + 40*y + 7. Determine x(0).
7
Let k(w) = -w**2 - 6*w - 2. Give k(-3).
7
Let f(d) = -26*d - 1076. What is f(-41)?
-10
Let d(b) = -b**3 - b**2 - 3*b + 7. Determine d(-4).
67
Let z(w) = w**2 + 4*w + 2. Determine z(-4).
2
Let u(t) = -t**2 - 8*t + 14. Calculate u(-12).
-34
Let n(q) = 6*q - 5. Determine n(2).
7
Let k(p) = -13*p**2 + 110*p - 5. What is k(9)?
-68
Let u(l) = -2*l**2 + 10*l - 14. Determine u(6).
-26
Let j(o) = -2*o**2 + 81*o + 43. Give j(41).
2
Let n(v) = -v**3 + 9*v**2 - 17*v + 12. Give n(8).
-60
Let o(a) = -a**2 + 26. Calculate o(-4).
10
Let c(n) = n**3 + 5*n**2 - 31*n + 15. Give c(-9).
-30
Let h(z) = 6*z**3 + 27*z**2 + 12*z + 8. Determine h(-4).
8
Let v(z) = z**3 - 8*z**2 + 6*z. What is v(7)?
-7
Let h(p) = -2*p + 78. What is h(43)?
-8
Let y(c) = 6*c - 39. Give y(16).
57
Let h(d) = d**2 - 4*d. Give h(2).
-4
Let y(z) = -z**2 - 14*z - 16. What is y(-9)?
29
Let c(f) = -12*f + 675. What is c(56)?
3
Let n(f) = f**3 + 3*f**2 - 9*f + 7. Give n(2).
9
Let k(a) = -38*a**2 + 3*a. Determine k(2).
-146
Let w(n) = -n**3 + 4*n**2 + n - 5. Determine w(4).
-1
Let g(u) = -24*u + 275. Calculate g(11).
11
Let i(f) = 8*f + 53. Give i(-9).
-19
Let n(a) = 7*a - 16. What is n(-3)?
-37
Let a(g) = g**3 + 7*g**2 - 29*g + 4. What is a(-10)?
-6
Let s(f) = 8*f + 75. Determine s(-11).
-13
Let m(f) = -6*f**2 + 12. Give m(-4).
-84
Let m(p) = -4*p**3 + p**2 + 10*p - 10. Give m(1).
-3
Let b(k) = 93*k - 2513. Calculate b(27).
-2
Let y(w) = w**2 + 5*w - 15. What is y(-7)?
-1
Let c(u) = 9*u + 9. Calculate c(4).
45
Let b(l) = 5*l**3 - l**2 + 1. Give b(1).
5
Let m(l) = -l**3 + 15*l**2 + 15*l + 27. What is m(16)?
11
Let i(y) = -y**3 + 4*y**2 + 3*y - 11. Determine i(2).
3
Let f(r) = r**3 + 16*r**2 - 36*r + 4. Give f(-18).
4
Let x(c) = -c - 32. What is x(-35)?
3
Let b(r) = -r + 5. What is b(2)?
3
Let k(r) = -2*r**3 - 25*r**2 + 12*r + 3. Give k(-13).
16
Let z(c) = c**3 + 5*c**2 - 16*c - 69. What is z(-6)?
-9
Let x(m) = -m**3 - 8*m**2 - 5*m. Calculate x(-6).
-42
Let s(l) = -26*l**2 - 1. Determine s(-1).
-27
Let d(x) = -x**3 - 2*x - 18. Determine d(0).
-18
Let q(h) = -86*h**3 + h**2 - 2*h - 2. Give q(-1).
87
Let k(l) = l**3 - 3*l**2 + 6*l - 10. Determine k(4).
30
Let g(t) = 10*t**2 + t + 1. Calculate g(-1).
10
Let b(p) = 32*p**3 - 2*p**2 + 2*p - 1. What is b(1)?
31
Let x(v) = v**3 + 76. Give x(0).
76
Let i(f) = f**3 + 23*f**2 + 20*f - 54. Give i(-22).
-10
Let w(f) = -f**3 + 9*f**2 - 11*f + 8. Calculate w(7).
29
Let u(s) = s**3 + s**2 + s - 25. Calculate u(0).
-25
Let o(j) = j**2 + 14*j + 9. Give o(-12).
-15
Let a(x) = 2*x**3 + 16*x**2 - 12*x - 8. Determine a(-9).
-62
Let z(t) = -5*t**2 + 228*t + 85. Give z(46).
-7
Let k(q) = 3*q**2 + 4*q - 7. Give k(-3).
8
Let p(z) = 8*z + 275. What is p(-35)?
-5
Let y(b) = -2*b**3 - 18*b**2 - b - 5. What is y(-9)?
4
Let w(l) = -l**3 + 3*l**2 + 6*l - 9. What is w(4)?
-1
Let h(c) = -c**3 - 3*c**2 - 7*c - 8. Determine h(-2).
2
Let u(j) = j**2 + 26*j - 105. Calculate u(-29).
-18
Let i(b) = -26*b + 6. Determine i(-2).
58
Let u(l) = 17*l**3 + l**2 - l - 1. Determine u(2).
137
Let z(y) = -7*y - 21. What is z(-7)?
28
Let d(a) = a**2 - 6*a - 7. Give d(8).
9
Let n(x) = 6*x + 11. Give n(-4).
-13
Let a(z) = 2*z + 11. Give a(-11).
-11
Let l(g) = 9*g**2 + 4*g - 2. Determine l(3).
91
Let j(h) = h**2 + 11*h + 25. What is j(-6)?
-5
Let j(h) = -7*h + 17. Determine j(7).
-32
Let h(x) = -x**2 - 3*x + 9. What is h(-8)?
-31
Let s(x) = -x**3 + x**2 + 91*x + 176. Determine s(-2).
6
Let n(f) = -f**2 + 2*f + 14. Determine n(5).
-1
Let f(b) = b**3 - 10*b**2 + b - 8. Give f(10).
2
Let u(v) = v**2 - 6*v - 64. Give u(-5).
-9
Let t(y) = -y**3 - 10*y**2 + 46*y + 97. Determine t(-13).
6
Let o(u) = u**2 + 2*u - 2. Give o(-5).
13
Let j(f) = 2*f**3 + 20*f**2 - 36*f - 352. Calculate j(-10).
8
Let w(u) = -u**3 - 3*u**2 - 5*u - 2. Give w(-3).
13
Let y(c) = c**2 + 9. What is y(0)?
9
Let v(a) = a**3 + 23*a**2 + 40*a - 95. What is v(-21)?
-53
Let n(u) = -6*u**3 - 2*u + 3. Determine n(2).
-49
Let a(b) = -b**3 - 9*b**2 + 25*b + 38. What is a(-11)?
5
Let x(c) = 14*c + 1. What is x(1)?
15
Let f(i) = 15*i**3 - i**2 + 3*i - 3. Calculate f(1).
14
Let o(p) = p**2 + 24*p + 91. Determine o(-19).
-4
Let i(y) = -5*y - 5. Determine i(3).
-20
Let j(y) = 11*y**2 + 8*y - 8. Calculate j(1).
11
Let h(f) = 7*f + 234. What is h(-34)?
-4
Let f(p) = p**2 + 15*p + 28. Determine f(-14).
14
Let j(q) = -q**3 - 5*q**2 + 14*q + 37. Give j(-6).
-11
Let j(t) = t**2 - t + 13. Give j(0).
13
Let v(y) = 3*y**2 + 16*y - 5. What is v(0)?
-5
Let i(q) = q**2 - 24*q - 30. Determine i(29).
115
Let y(f) = -f**3 - 13*f**2 + 14*f + 34. Give y(-14).
34
Let r(o) = -9*o + 13. Determine r(2).
-5
Let w(r) = -5*r + 11. Give w(-12).
71
Let k(w) = 35*w - 808. Give k(23).
-3
Let p(u) = -u**2 + 8*u - 4. Determine p(8).
-4
Let a(u) = -9*u**3 + u + 1. Determine a(-1).
9
Let l(x) = 2*x**2 - x + 3. Determine l(1).
4
Let i(q) = -10*q**2 + q. Give i(1).
-9
Let z(c) = c**2 + 44*c + 88. Give z(-2).
4
Let h(c) = 2*c + 4. Determine h(-6).
-8
Let n(d) = -2*d**2 + 10*d - 6. What is n(5)?
-6
Let n(g) = -g**3 + 18*g**2 + 13*g + 4. Calculate n(19).
-110
Let t(p) = -15*p - 59. Determine t(-5).
16
Let c(b) = -b**3 - 14*b**2 + 14*b - 17. Give c(-15).
-2
Let k(j) = -8*j**2 + j. Determine k(-1).
-9
Let f(h) = -h**3 + 14*h**2 + 36*h - 33. What is f(16)?
31
Let l(m) = -2*m**2 - 62*m + 44. Give l(-32).
-20
Let n(u) = -u**3 + 13*u**2 + 2*u - 15. What is n(13)?
11
Let t(x) = -x**2 + x + 2. What is t(0)?
2
Let r(h) = 34*h**2 + 102*h + 4. Determine r(-3).
4
Let j(x) = 2*x + 21. Calculate j(0).
21
Let o(v) = -7*v - 116. Give o(-16).
-4
Let w(x) = -7*x - 2. What is w(1)?
-9
Let n(l) = 2*l**2 + 2*l - 12. Calculate n(-3).
0
Let j(p) = -p**3 + 2*p**2 + 2*p - 7. Determine j(3).
-10
Let s(g) = g**3 - 12*g**2 - 15*g - 12. What is s(13)?
-38
Let y(t) = -21*t - 171. Determine y(-7).
-24
Let l(a) = a**3 + 10*a**2 - 3*a - 8. Calculate l(-9).
100
Let u(c) = c**2 + 11*c + 6. What is u(-9)?
-12
Let k(c) = -c**2 + 6*c - 4. Determine k(7).
-11
Let u(b) = 3*b**2 - b - 5. Calculate u(4).
39
Let u(p) = p**3 + 14*p**2 - 2*p - 20. Calculate u(-14).
8
Let t(o) = o**3 - 17*o**2 - 3*o + 25. Give t(17).
-26
Let k(j) = j**2 + 29*j + 30. Give k(-28).
2
Let j(b) = 3*b + 6. Determine j(-3).
-3
Let n(l) = l**3 - 10*l**2 - 8*l - 20. Determine n(11).
13
Let o(z) = 24*z - 1089. What is o(45)?
-9
Let g(s) = s - 5. Calculate g(-3).
-8
Let j(f) = f + 4. Calculate j(0).
4
Let t(y) = -y**2 - 2*y + 75. Determine t(0).
75
Let f(i) = -2*i**3 + 31*i**2 - 16*i + 11. Determine f(15).
-4
Let z(n) = 6*n + 2. Give z(-3).
-16
Let v(g) = 23*g - 142. What is v(6)?
-4
Let d(c) = 4*c - 17. Give d(5).
3
Let s(j) = j**3 - 4*j**2 + 7*j - 7. What is s(3)?
5
Let i(z) = 6*z**2 - 27*z + 1. Determine i(5).
16
Let r(d) = d**2 + 10*d + 14. Determine r(-10).
14
Let j(o) = -o**3 - 5*o**2 + o - 4. Calculate j(-4).
-24
Let w(t) = t - 2. Determine w(5).
3
Let k(d) = 3*d + 94. Give k(-31).
1
Let q(w) = 2*w**3 + 4*w**2 - 2*w - 8. What is q(-2)?
-4
Let r(d) = d**2 - 8*d - 26. What is r(-6)?
58
Let a(c) = -c**2 + 2*c - 2. Give a(4).
-10
Let i(m) = m**3 - 4*m**2 - 5*m + 8. Determine i(5).
8
Let m(c) = 12*c - 675. Determine m(56).
-3
Let g(q) = -106*q**3 + 7*q**2 + 5*q - 1. Give g(-1).
107
Let y(p) = 2*p**2 + 7*p + 6. Give y(-4).
10
Let s(y) = -30*y - 186. Determine s(-6).
-6
Let i(w) = -w**3 + 14*w**2 + 6*w - 69. Determine 